 t(u).
-11
Let w(g) be the third derivative of -g**4/24 + g**3/3 - 6*g**2. Suppose b - m - 3*m - 1 = 0, 0 = 2*b + 3*m - 13. Calculate w(b).
-3
Let y(q) = -4*q**2 + 0*q**2 - 2*q - 2*q - q**2 - 1 - q**3. Determine y(-4).
-1
Let l(x) be the second derivative of -5*x**4/12 + x**3/6 + x**2/2 - x. What is l(-1)?
-5
Let m(b) = -6*b - 1. Let c(v) = -17*v - 3. Let n(w) = -4*c(w) + 11*m(w). Suppose y - 2 = 2. Let r = y - 2. Give n(r).
5
Let a(v) be the third derivative of -v**4/12 - v**3/2 + 22*v**2. Give a(-4).
5
Let n(x) be the third derivative of x**4/24 - x**3 - 37*x**2. Give n(6).
0
Suppose -j = 2 - 7. Let t(a) = 2*a + 0*a + j - a + 0*a. Calculate t(-4).
1
Let j(h) be the third derivative of 1/12*h**4 + 0 - 1/3*h**3 + 0*h + 3*h**2. Determine j(3).
4
Let r(n) = -n**3 - 3*n**2 - 3*n + 2. Suppose -2*y = -3*y + 5. Suppose -z + 4*c - 6 = 9, -4*z - y*c + 3 = 0. Calculate r(z).
11
Suppose -5*p = 25 + 10. Let m(g) = g. Determine m(p).
-7
Let z(o) = o + 7. Let x be z(-7). Let v(q) = q**3 + q**2 - 12. Give v(x).
-12
Let n(o) = 3*o**3 - 35*o**2 + 7*o - 18. Let l(p) = p**3 - 12*p**2 + 2*p - 6. Let q(r) = 17*l(r) - 6*n(r). What is q(5)?
-9
Let y(x) be the third derivative of x**4/12 + x**3/6 + x**2. Give y(-4).
-7
Let z(f) be the first derivative of f**4/4 + 2*f**3 + 2*f - 8. Determine z(-6).
2
Let t(b) = -2*b + 2*b**3 + 4*b**3 + 1 + 0. Suppose -x + 3 = 1. Suppose -x*p + 3*d - 10 = 0, -3*p + 5*d = -p + 18. Determine t(p).
5
Let h(w) = -w - 9. Let a be h(-5). Let k(i) = -4*i - 3. What is k(a)?
13
Let g(r) = r**3 - r - 1. Let k(p) = 8*p**3 - 2*p. Let v(t) = g(t) - k(t). Determine v(1).
-7
Let h(n) = -n - 2. Suppose 4*b - b + 4 = 2*s, -5*b = -5*s. Let q be h(b). Let m(x) = 5 - x - 1 - q. Determine m(-5).
7
Let h = 11 - 7. Let k(x) = x - 6 + h - 5 + x**2 - 4*x. Determine k(5).
3
Let t(v) = -5*v**2 - v - 1. Suppose 2*x - 21 = 3*x. Let i be (-116)/(-14) + 6/x. Suppose -4*w - i = -4. Determine t(w).
-5
Suppose -15 + 0 = 5*a. Let h(o) = -o**3 - 2*o**2 + 1. Calculate h(a).
10
Let a(p) = p**3 - 2*p + 1. Let h = 12 + -8. Let s = 2 - h. Determine a(s).
-3
Let f(r) = r**2 + 5*r + 5. Suppose 2*a + 3*a + 5*j = 0, 3*a = -j - 2. Suppose p - 3*p + 2 = -2*y, 3*p - 5*y - 13 = 0. Let n be p + 2 + -2 + a. Calculate f(n).
5
Let o(q) = -6*q**3. Let f(j) = -j**3 + 10*j**2 + j - 9. Let x be f(10). Calculate o(x).
-6
Let y(t) = t + 5. Suppose -4*b + 3*b = 6. Let r(z) = -z**3 - 5*z**2 + 4*z - 7. Let m be r(b). Give y(m).
10
Let h(d) = -4*d**2 - 7*d + 8. Let k(j) = -3*j**2 - 7*j + 7. Let l(y) = 4*h(y) - 5*k(y). Let n(w) = -w**2 - 5*w + 6. Let b be n(-5). Determine l(b).
3
Let w(m) = m**2 - 2*m. Suppose 3 = 3*b - 3. Let h be -6*((-3)/b - -1). Let i be (-2 - 0)*h/(-2). Give w(i).
3
Let p(g) be the second derivative of -g**4/12 - 3*g**3/2 - 9*g**2/2 + 5*g. Give p(-8).
-1
Let b(x) = -x. Let l = -14 - -10. Let u = -9 - l. Determine b(u).
5
Let x(j) = -j**2 + 6*j - 3. Suppose 0 = 5*z + 2*f - 13, -2*z + 0*f + 3*f = 10. Suppose 4*i - z = c - 20, 3*c = -i + 5. Give x(c).
6
Let l(c) = 14*c**3 + 21*c**2 - 18*c + 5. Let y(t) = 5*t**3 + 7*t**2 - 6*t + 2. Let i(m) = -6*l(m) + 17*y(m). Determine i(6).
4
Let z(w) be the third derivative of 1/2*w**3 - 1/24*w**4 + 0 + 6*w**2 + 0*w. What is z(6)?
-3
Suppose 5*f - 30 = -5*k, -4*f + 3*k = -0*k + 4. Let v(q) = -3*q**2 - 9*q + 11. Let i(c) = 3*c + 2*c + 2*c**2 - 7 + 1. Let w(o) = 5*i(o) + 3*v(o). What is w(f)?
3
Let j(x) = x**2 + 10*x + 17. Let s be j(-8). Let c(l) be the first derivative of s + l**2 - 2*l**3 + 1/4*l**4 + 6*l. Calculate c(5).
-9
Let n(g) = -5*g**3 - 12*g**2 + 2*g - 13. Let b(v) = 9*v**3 + 23*v**2 - 5*v + 25. Let x(t) = -6*b(t) - 11*n(t). Determine x(5).
8
Let t be (40/28 - 1) + (-273)/(-49). Suppose -7*b + 2*b + 10 = 0. Let g(k) = -6 + 4*k + k**2 + 2*k - 2*k**b. Determine g(t).
-6
Let i(j) = -12*j**2 - 5*j + 5. Let d(r) = 5*r**2 + 2*r - 2. Let t(s) = -7*d(s) - 3*i(s). Suppose 5*z + 0 - 10 = 0. Calculate t(z).
5
Let k(h) = -h**3 + 10*h**2 - 7*h - 17. Let p be k(9). Let y(z) = -4*z**2 + z - 8. Let w(d) = 4*d**2 - d + 7. Let a(n) = -7*w(n) - 6*y(n). What is a(p)?
-4
Let b = 180 + -181. Let x(k) = 6*k**2 + 5*k - 5. Let y(a) = -3*a**2 - 3*a + 3. Let h(w) = 3*x(w) + 5*y(w). Give h(b).
3
Let c(f) = 6*f - 1 - 4*f + 0 - f. Calculate c(7).
6
Let y(m) = -m**2 - 7*m - 9. Let f(w) = -w**3 + w**2 - w - 2. Let r be f(0). Let h be r/(-11) + (-68)/11. Determine y(h).
-3
Let j(r) = -2*r. Let o = -27 - -28. Give j(o).
-2
Suppose 0 = -5*p - 6 + 26. Let m(q) = -q + q**2 - 1 - q - p*q. Determine m(6).
-1
Let r(g) = -7*g + 10. Let u(q) = -5*q + 9. Let d(c) = 4*r(c) - 5*u(c). Give d(-4).
7
Let r(h) = -2*h - 5. Let l = -14 + 8. Give r(l).
7
Let w(u) = -9*u**3 + u. Let x be ((-2)/4*0)/2. Suppose x = -4*b - 8. Let m = b - -3. What is w(m)?
-8
Let v(m) = 7*m**2 + 2*m + m**2 + m**3 - 4 - 3*m**2. Let w be -5*(-1 - 4/(-10)). Suppose -w*y - 6 - 1 = 5*h, -2 = y + 2*h. Calculate v(y).
4
Let a(g) be the third derivative of -g**6/120 + g**5/15 + g**4/6 - g**3/2 + 39*g**2. What is a(4)?
13
Let q(x) = -x**2 - 6*x. Let w(z) = -z**2 + 7*z + 4. Let a be w(7). Suppose 0*d + 12 = -a*d. What is q(d)?
9
Let i(m) = -2*m. Let c be (-1)/2 + (-15)/(-6). Suppose -l - 4 = -0*l + c*y, -l - 5*y - 16 = 0. Suppose 5 = 3*w - l*w. Determine i(w).
10
Let f(x) = x**2 - 1. Suppose -8*q + 7*q + 2 = 0. Calculate f(q).
3
Suppose 19 - 7 = 4*h. Let i(a) = 4 - a**2 + 2*a**2 - h*a - 4*a. Give i(3).
-8
Let y = 6 + -1. Let z(p) = -p**2 + 3*p. Let k(f) = 3*f**2 - 8*f + 1. Let l(g) = -2*k(g) - 7*z(g). Calculate l(y).
-2
Let v(p) be the first derivative of 3*p**4/2 + p**3/3 - p**2 + p + 8. Give v(1).
6
Let k(s) = 2*s**2 + 3*s - 2. Let m(g) = 2*g**2 + 3*g - 2. Let b(t) = -3*k(t) + 4*m(t). Let c be 2/(-7) + 38/(-14). Calculate b(c).
7
Let n(v) be the third derivative of v**4/24 + 5*v**3/6 + 5*v**2. Let c(b) = -3*b - 14. Let s(q) = 4*c(q) + 11*n(q). Give s(-4).
3
Let f be (-6)/(-4) + (21/2)/(-3). Let o(u) = 6*u + 3. Determine o(f).
-9
Let p(f) = -f**2 - 8*f - 2. Let o be p(-8). Let d = o - -1. Let c = -3 + d. Let q(z) = -z - 5. Calculate q(c).
-1
Let x(m) = m**3 - 2*m + 6. Let k(a) = a**2 - a - 1. Let d(h) = -3*k(h) - x(h). Let j = -14 + 10. Calculate d(j).
-7
Let q(w) = -14*w + 49. Let x(t) = -7*t + 25. Let g(d) = 2*q(d) - 5*x(d). Let v(s) = -4*s + 14. Let i = -4 + -1. Let y(r) = i*v(r) - 3*g(r). Calculate y(5).
6
Let v(s) be the second derivative of -s**6/120 - s**5/12 + s**4/12 + 5*s**3/6 + s**2 + s. Let r(d) be the first derivative of v(d). What is r(-5)?
-5
Suppose -s = 3*s + 12. Suppose 5*c = 5*j + 15, c + 4*j = 7 + 1. Let b(x) = 3*x**2 - 3 - c*x**2 + 2*x - 3*x. Calculate b(s).
-9
Let y(m) = 10*m - 5 - 2*m + 0*m - 6*m. Let d(s) = -s**2 + s - 4. Let u be d(0). Determine y(u).
-13
Let c(s) = 2*s**2 - 1. Let y(f) be the first derivative of -f**3/3 - f**2/2 + 2. Let o(j) = -2*c(j) - 3*y(j). Calculate o(-2).
-8
Let o(z) be the first derivative of 2*z - 1/2*z**2 - 4/3*z**3 + 1/4*z**4 - 9. Let c be (-2)/9 + (-20)/(-9). Calculate o(c).
-8
Let f(p) be the third derivative of p**6/120 - p**5/12 - p**4/8 + 7*p**3/6 + p**2. Let c = 26 + -21. Determine f(c).
-8
Let l(z) = z**2 - 8*z - 10. Let c = -13 + 21. Give l(c).
-10
Let j(y) be the third derivative of -y**7/840 - y**6/90 - y**5/40 + y**4/6 - y**3/6 - y**2. Let k(d) be the first derivative of j(d). What is k(-3)?
4
Let p(o) be the first derivative of o + 1/3*o**3 + 2*o**2 - 2. Calculate p(-4).
1
Let b(p) = -p + 8. Let g be b(4). Let z(j) = g + j**2 - 6*j - 3 + 2. Determine z(5).
-2
Let x(y) = -y**2 - 6*y + 6. Let h = -43 - -36. Determine x(h).
-1
Let u(b) be the second derivative of 4*b**2 - b. Let n(d) = -d - 9. Let j(w) = -3*n(w) - 4*u(w). Determine j(4).
7
Let l(y) be the second derivative of -y**4/6 - y**3/2 - y**2 - y. Let q(p) be the first derivative of l(p). Determine q(-3).
9
Let c = 16 + -7. Let m be 2/c - 16/(-9). Let d(w) = -w**3 + 3 + 8 - 4 + w**m - 2. Calculate d(0).
5
Let j(a) be the first derivative of -1/3*a**3 + 4*a + 5/2*a**2 + 2. Calculate j(6).
-2
Let d(z) be the first derivative of -z**4/4 + 7*z**3/3 - 5*z**2/2 - 3. Suppose -8*t + 12 = -6*t. Give d(t).
6
Let h(g) be the first derivative of 3*g**4/2 - g**3/3 + g**2/2 + g - 6. Suppose 0*v = -3*v - 3. What is h(v)?
-7
Let f = -110 - -115. Let x(g) = -g**2 + 4*g - 2. Let w(d) = 1. Let j(l) = -5*w(l) 